Calculate the greatest common divisor of 350 and v.
70
Let x be (-104)/(-5) - (-40)/(-50). Let o(j) = 2*j**2 - 39*j + 14. Let h be o(x). Calculate the highest common factor of 102 and h.
34
Let g be (-207)/(-15) - 4/(-20). Calculate the greatest common factor of g and 161.
7
Let i(j) = 183*j**3 - 10*j**2 + j + 2. Let q be i(2). What is the highest common divisor of 84 and q?
84
Let b be 55/(-22) - 188/(-8). Calculate the greatest common divisor of 483 and b.
21
Let f(w) = -w - 5. Let z be f(-5). Suppose 0 = -z*i - i. Suppose i = 4*j + 2*o - 4*o - 522, 393 = 3*j - o. What is the highest common factor of j and 12?
12
Let k be (208 + 12/(-20)*5)*1. Suppose -24 = -2*o + 58. What is the highest common factor of k and o?
41
Let r be (-88)/(-10) - (-2)/10. Suppose 66 = r*g - 3*g. Calculate the greatest common divisor of g and 88.
11
Suppose 2*f + 19 + 69 = 0. Let a = -24 - f. Calculate the highest common factor of a and 160.
20
Suppose -26 = -5*c - 6. Suppose 6*l - c*l = 6. Let t be l/(1 - (-4 - -2)). Calculate the greatest common divisor of t and 7.
1
Suppose -5*f - 404 = -1074. Let j = f - 62. What is the highest common factor of j and 8?
8
Let f(j) = j**3 - 4*j**2 + 3*j. Let u be f(2). Let n be 7 + 8/u + -1. Suppose -35 = n*k - 7*k. What is the highest common divisor of k and 56?
7
Let t be (-441)/(-5) + (-2)/10. Let z(d) = -d**2 - 5*d + 44. Let h be z(4). What is the highest common factor of t and h?
8
Let f(w) = -4*w + 3. Let j be f(3). Let o = 13 + j. Suppose 2*b = 3*z - 128, -3*z = -11*b + 7*b - 124. Calculate the highest common factor of o and z.
4
Let x = 355 - 226. Calculate the highest common divisor of 43 and x.
43
Let v be (36/(-10))/((-116)/290). Calculate the greatest common divisor of v and 3.
3
Let h be 0 - -37 - (-17)/(34/10). Calculate the highest common factor of h and 357.
21
Suppose 4*l - 29 = 3*l. Let v = 100 + -1. Suppose -7*u + 1525 = -v. What is the highest common divisor of u and l?
29
Let t(s) = -9*s - 29. Let b be t(13). Suppose -g + 4 - 7 = 0. Let w = g - b. What is the highest common factor of 13 and w?
13
Suppose -5*s + 0 = k + 25, -4*k + 20 = 0. Let j = 18 - s. What is the highest common divisor of 48 and j?
24
Let w = 13 + -7. Let k(t) = -t**2 + 6*t + 2. Let v be k(w). Let i be -24*v*(-3)/8. Calculate the highest common factor of i and 54.
18
Suppose -4*v - 5*s = -116, 2*s + 45 = -4*v + 173. Suppose -4*d + v = -6. Calculate the greatest common divisor of d and 4.
2
Let i(c) = -14*c - 400. Let g be i(-30). Calculate the greatest common factor of g and 16.
4
Let i be 6/(4*4/512). Calculate the highest common factor of i and 24.
24
Let x(n) = -n**2 - 18*n - 15. Let i be x(-17). Let m = 23 - 21. What is the highest common factor of m and i?
2
Suppose 4*y + 5*m - 48 = 0, 2*y - 5*y - m + 25 = 0. Calculate the highest common divisor of y and 1.
1
Let t = 2 - -133. What is the highest common factor of 45 and t?
45
Let m(g) = g**3 - 7*g**2 - 7*g - 2. Let p be m(8). Calculate the greatest common factor of 48 and p.
6
Let o(i) = i**3 + 6*i**2 - 7*i. Suppose -3*p - 2 = -y, -3*p + 6 = -y - 4*p. Let h be o(y). What is the highest common factor of h and 30?
30
Suppose 2*o - 2216 = 830*y - 832*y, y + 3*o = 1110. Calculate the greatest common factor of y and 41.
41
Let p be ((-10)/4)/((-1)/4). Let h = -22 - -52. Calculate the highest common factor of p and h.
10
Suppose -i - 146 = -161. Let v(k) = 2*k - 9. Let n be v(i). What is the highest common divisor of n and 63?
21
Let s be (-24 + 0)/((-320)/(-110) + -3). What is the greatest common factor of 24 and s?
24
Let c = 80 - -28. Let g = -49 + 61. What is the greatest common factor of g and c?
12
Suppose 2*j + 692 = m, 1404 = 2*m + 3*j - 2*j. What is the highest common divisor of 7 and m?
7
Let j be 210/(-9)*(-5 + (-28)/(-8)). Suppose 0 = -4*p + 3*g + 63, -5*p = -3*p - 5*g - j. What is the highest common divisor of p and 150?
15
Suppose -5*h = -0*h - 30. Let l(w) be the third derivative of w**4/8 - 2*w**3/3 - w**2. Let n be l(h). What is the highest common factor of n and 2?
2
Let m be (-36)/(-15) + (-4)/10. Suppose -k - 5*b + 21 = 0, -m*k + 2*b = -2*b + 14. What is the greatest common factor of 3 and k?
1
Let n = -16 - -24. Suppose -4*r + 0 + n = 0. What is the greatest common divisor of r and 14?
2
Let y be 80/6*(-1 - 274/(-10)). What is the highest common divisor of y and 440?
88
Suppose 14 + 136 = 5*h. Suppose 5*d - 6 + 1 = 0. Let p be (-3 + d)/2*-15. Calculate the highest common factor of p and h.
15
Let b(r) = r**2 + 19*r - 32. Let o be b(-21). What is the greatest common factor of 430 and o?
10
Let v = -794 + 1073. What is the highest common divisor of 27 and v?
9
Suppose o = -5, -f - 3 = -0*f - o. Let y be f/12 + 22/6. Suppose -32 = -u + 4*c + 24, -y*u + 129 = c. Calculate the highest common factor of u and 4.
4
Let w(c) = 2*c + 207. Let a be w(0). Suppose 4*s - r - a + 26 = 0, 0 = 2*s - 5*r - 95. What is the highest common factor of 15 and s?
15
Let a be 2 - 3 - (-815 + 13). Calculate the highest common factor of 89 and a.
89
Let x(w) = -14*w. Let u be x(-2). Let l be (30 - 18 - 15) + 17. Calculate the highest common divisor of u and l.
14
Let b(p) be the second derivative of -4*p**3/3 + 13*p**2/2 - 13*p. Let w be b(-15). What is the greatest common divisor of 19 and w?
19
Suppose -3287 = -55*n + 9418. Calculate the greatest common factor of n and 63.
21
Suppose -40 = -3*o + s, -5*s + 0*s = -5*o + 60. What is the greatest common factor of o and 26?
2
Let h be 16 + -5 - (0 + -6). What is the greatest common factor of 323 and h?
17
Suppose 0 = 3*l + 858 - 2358. What is the highest common divisor of l and 100?
100
Suppose 14 = 2*r - 6. Suppose -p + 20 = 4*p. Suppose -3*w - d = -15, d - 16 = -p*w + 4. What is the highest common divisor of w and r?
5
Suppose 10*b - 335 + 35 = 0. Let c = -28 - -45. Suppose 0 = -5*x + c + 13. Calculate the greatest common factor of b and x.
6
Let v be (27/6)/(1/16). Let z(h) = -7*h - 6. Let s be z(-2). What is the highest common factor of v and s?
8
Suppose 4*s + 5*p - 7 = s, 5*s = 2*p + 53. Let f = -5824 + 5830. What is the greatest common divisor of s and f?
3
Let f = 293 + -160. What is the greatest common factor of f and 49?
7
Let z(p) = p**3 - 3*p**2 - 3*p. Let b be z(4). Suppose 0 = f + 2*o - 15, -4*o - 5 = -3*f - 2*f. Suppose u + b = f. What is the highest common factor of 4 and u?
1
Let z(v) = -2*v**2 + 16*v - 12. Let f be z(6). What is the greatest common divisor of 228 and f?
12
Suppose 9*x - 2747 = -32*x. What is the greatest common factor of x and 1072?
67
Let g be 502/6 - (-2)/6. Suppose 0 = 49*h - 124*h + 3150. What is the greatest common factor of h and g?
42
Let k(c) = -c**2 + 5*c + 57. Let t be k(11). Let o(z) = 3*z**2 + 30. Let n be o(t). What is the highest common divisor of n and 21?
21
Suppose 0 = 8*k - 21*k + 78. Calculate the greatest common factor of 6 and k.
6
Let a(w) = w**3 - 7*w**2 + 3*w - 113. Let s be a(9). What is the greatest common divisor of 779 and s?
19
Suppose -g = -n + 309, 0*g + g + 5*n + 291 = 0. Let r be ((-6)/10)/(g/150 + 2). What is the highest common divisor of r and 15?
15
Let g = -98 - -104. Suppose 0 = 13*l - g*l - 119. Calculate the highest common divisor of 34 and l.
17
Let q = -415 + 452. Calculate the greatest common factor of q and 629.
37
Let m be -85*(-12)/(-180)*3/(-1). Calculate the greatest common factor of 952 and m.
17
Let w(n) = 3*n**2 + 20*n - 86. Let a be w(-11). What is the greatest common divisor of 114 and a?
57
Suppose 3*x = 0, -8 - 12 = -5*t + 2*x. Let h be (-420)/(-49)*42/t. Calculate the greatest common factor of h and 135.
45
Suppose -2*n - 52 = -3*n. Let g(v) = 2*v + 4. Let f be g(1). Suppose -f*o - 2*o = -104. What is the highest common divisor of o and n?
13
Let v(b) be the first derivative of b**3/3 + 3*b**2 - 5*b + 1. Let l be v(3). Calculate the highest common divisor of l and 2.
2
Suppose j + 15 = 5*y + 6*j, 4*j - 20 = 4*y. Let m = y - -7. Suppose -f + 60 = 5*l, -m*l + 2*f + 36 = -4*l. What is the greatest common factor of 26 and l?
13
Suppose -36*v = -1813 - 1715. Calculate the highest common factor of 56 and v.
14
Suppose 4*s = 43 - 3. Let i be ((-1)/4)/((-20)/1200). Suppose 9*l - s*l = -i. What is the greatest common factor of l and 45?
15
Let q be (-12 - -2)*(-3)/1